t m be r(5). Suppose -3*u + 48 = m*u. List the prime factors of u.
2
Let b(h) = 3*h - 11. Let c be 2/(-16) - (-1032)/64. List the prime factors of b(c).
37
Suppose 4*y = -3*q + 6639, -3*y + 1330 = -3*q - 3623. List the prime factors of y.
2, 3, 23
Suppose 0 = 5*n - 2*n - 6. List the prime factors of 3 - 3 - (n + -1 + -43).
2, 3, 7
Suppose -11*i + 546 = -213. List the prime factors of i.
3, 23
List the prime factors of 1/(-4*4/(-3408)).
3, 71
List the prime factors of (-23880)/(-90) + (4/6 - 1).
5, 53
Let o = -2273 - -4095. What are the prime factors of o?
2, 911
Let m = 1866 - 1031. What are the prime factors of m?
5, 167
Let d = -258 - -506. What are the prime factors of d?
2, 31
Suppose -60*m = -43*m - 12988. List the prime factors of m.
2, 191
Let t(m) = -14*m**2 - 9*m + 9*m**2 - 12 + 6*m**2. What are the prime factors of t(16)?
2, 5
Suppose -2*i + s - 19 + 6 = 0, 19 = -2*i - 5*s. What are the prime factors of (-7)/(i/36) - 2?
2, 17
Let p(f) = f. Let x be 3*(6/2 - 4). Let s be p(x). What are the prime factors of 12/(s*1/(-14))?
2, 7
Suppose 5*g - 1800 = -4*g. Suppose -b - b + g = 0. What are the prime factors of b?
2, 5
Let q(o) = o - 6*o - 12 - 5 + o. Let l be q(-11). What are the prime factors of 36/l + 191/3?
5, 13
Suppose 9*j = -69 - 300. Let g = j - -61. What are the prime factors of g?
2, 5
Suppose 25*g = 24*g. Suppose -a - 3*y + 158 = 3*a, -3*a - 5*y + 113 = g. List the prime factors of a.
41
Let y = -111 - -318. What are the prime factors of y?
3, 23
Suppose 219 = r - 354. List the prime factors of r.
3, 191
Suppose -2*f + 20 = 2*f. Suppose 0*l + f = l. List the prime factors of ((-4)/l)/(1/(-5)).
2
Let f(s) = 35*s**2 - 2*s - 13. What are the prime factors of f(4)?
7, 11
Let a = 4508 - 2596. What are the prime factors of a?
2, 239
What are the prime factors of ((-285)/6)/(5/(-30))?
3, 5, 19
Let o = 45 + -53. Let j = 13 + o. What are the prime factors of j?
5
Suppose 23456 = 22*z - 20214. What are the prime factors of z?
5, 397
Let i be (-1)/((-4)/440) - -2. Suppose -2*b = -i - 528. Suppose 9*u = 5*u + b. List the prime factors of u.
2, 5
Suppose 8*p + 2*w + 4535 = 11*p, -p - w + 1510 = 0. What are the prime factors of p?
1511
Let v = -91 - -102. Suppose -225 = -12*i + v*i. What are the prime factors of i?
3, 5
Let s(k) = -k**3 + 2*k**2 + 7*k - 5. Let p(n) = -2*n**3 + 2*n**2 + 8*n - 6. Let m(g) = 2*p(g) - 3*s(g). Let w = 83 - 87. What are the prime factors of m(w)?
5, 11
Let c be 12*(9/2 + 4). Suppose -c = -3*s - 3*k, 0 = 4*s - 3*k - 124 - 19. List the prime factors of s.
5, 7
Suppose -4672 - 32507 = -27*h. What are the prime factors of h?
3, 17
Suppose -d = z - 527, -14*z = d - 11*z - 519. List the prime factors of d.
3, 59
Let b = -20 - -27. Suppose -b*k = -6*k. Suppose -r + 3*c + 64 = k, -5*r + 10*r - 4*c - 287 = 0. List the prime factors of r.
5, 11
Suppose -10 = 4*p - 9*p. Suppose -5*x = -2*z + 62, 5*z + p*x = 124 + 89. What are the prime factors of (-5 + 2)*z/(-3)?
41
Let m = 45 - 47. What are the prime factors of (-1)/((-5)/(-1190)*m)?
7, 17
Let g = -29 - -44. Let d = g - 12. Suppose d*p - p = 46. List the prime factors of p.
23
Let r = -684 - -1249. What are the prime factors of r?
5, 113
Let m be (2 + -2 - -1) + 9. Suppose 3*v - 5*p = 27, 5*v - p - 22 = 1. Suppose 86 = v*w - m. List the prime factors of w.
2, 3
Let h(o) = -24*o - 7. Let u be h(-5). Suppose 3*v + 21 = s, 3*s - u = -3*v - 14. Let n = s - -13. What are the prime factors of n?
43
Suppose 4*n - 9*n + 1649 = 4*r, -5*r = -n - 2054. List the prime factors of r.
3, 137
Let w(v) = 1 + 2*v**3 - 23*v + 24*v - v**2 + 0*v**2. What are the prime factors of w(2)?
3, 5
Let q be -2 - (2 - (1 - -4)). Let r be (-6 - q - -1)/(-2). Suppose -g + r + 43 = 0. List the prime factors of g.
2, 23
List the prime factors of 4 - (-578 - (-1 + -3)).
2, 17
Let a(m) = -m - 1. Let x be a(2). Let t = x - -21. Suppose 2*b - t = -0*b. What are the prime factors of b?
3
Let s be (-4744)/56 + (-4)/14. Let n = s + 136. What are the prime factors of n?
3, 17
Suppose -9*c + 72 = -c. List the prime factors of (c/6)/((-12)/(-1424)).
2, 89
Let p be (3 + -1 - 4) + 5/1. Suppose -v + 0*v + q = -26, 0 = p*q - 3. What are the prime factors of v?
3
Let h = -8 + 11. Suppose 5*j - 4*k = 3*j - 2, -5*j + 23 = -h*k. List the prime factors of j.
7
Let f(u) = -34*u - 21. What are the prime factors of f(-7)?
7, 31
Let d be 6 + -1 + -7 + 5. Suppose -48 = 4*q + q + 4*l, -4*q - d*l = 39. What are the prime factors of -3*6/27*q?
2
Let t = 248 - -73. What are the prime factors of t?
3, 107
List the prime factors of (0 + 24/(-20))/(2/(-505)).
3, 101
Let t = 1097 - -592. List the prime factors of t.
3, 563
Suppose 0 = -2*q - 4*h - 10, 3*q + 13 - 2 = -5*h. Suppose -2*y + 7*y - 70 = -b, -5*y - q*b + 60 = 0. List the prime factors of y.
3, 5
Let h(x) = 6*x**2 - 3*x + 13. List the prime factors of h(6).
211
Suppose -2*m = -1445 - 1287. List the prime factors of m.
2, 683
Let b = 211 + -111. Suppose -6*j = -b - 98. What are the prime factors of j?
3, 11
Let d = 681 - 405. Suppose -2*w + 32 = 3*b + 216, 5*b = 3*w + d. List the prime factors of 8/(-40) - w/10.
3
Let h be 12 + (20/4 - 4) - 3. Let i(q) = q**2 + 3*q + 35. What are the prime factors of i(h)?
3, 5, 11
Let t = 200 - -51. What are the prime factors of t?
251
Suppose -2*q - 21 = -k + 3*q, -5*q = 4*k - 84. Suppose -k = 2*j - 95. Let f = j - 14. What are the prime factors of f?
23
Suppose -2212*k = -2220*k + 4144. List the prime factors of k.
2, 7, 37
Suppose 9*x - 2146 = 7*x - 2*n, 5*x - 5362 = -2*n. List the prime factors of x.
2, 67
Let k = 8330 + -4006. List the prime factors of k.
2, 23, 47
Let j be (4/10 + (-1099)/10)*-2. Let o = -153 + j. List the prime factors of o.
2, 3, 11
Let j(c) = c**2 + c - 7. Let w be j(0). Let t be (-1 - w)*105/9. Suppose -5*n = -i + 15 - t, 4*n = -i + 44. What are the prime factors of n?
11
Let t = 1390 + -735. List the prime factors of t.
5, 131
Let n = -7 + 11. Suppose v + 0*t + 4*t = 7, n = 3*v - 5*t. List the prime factors of v.
3
Suppose 411*d = 406*d + 4840. What are the prime factors of d?
2, 11
Suppose -4*i - 5*p + 23 = 0, 4*p = -2*i + 3*i + 10. Suppose i*r = 5*o + 33, 1 = o + r + 2. List the prime factors of (-98)/o - 6/10.
19
Let i(f) = -28*f - 23 + 10*f - 6. List the prime factors of i(-6).
79
Suppose -2*j + 13 = 2*x + 3*j, 4*x = -4*j + 20. Suppose 0*s - 17 = s + 5*y, -x*s - y = 30. What are the prime factors of 1 - 4 - (s - 0)?
2
Suppose 3*s - 456 = -81. List the prime factors of s.
5
Let a = 243 + -157. List the prime factors of a.
2, 43
Let z be (-3 - -2)/(3972/(-992) - -4). Suppose 2*f + 373 = 3*k, 2*k - 3*f + f - z = 0. What are the prime factors of k?
5
Let p = -1972 + 3654. List the prime factors of p.
2, 29
Suppose -6*t + 3*t + 327 = 0. Let g = t - 72. List the prime factors of g.
37
Suppose -31*k - 12 = -34*k, 0 = 4*n + 4*k - 332. What are the prime factors of n?
79
Let k(z) = -z**2 - 11*z + 10. Let r be k(-10). Let o be 0/(-2) - 12/3. Let c = r + o. What are the prime factors of c?
2
List the prime factors of (-35)/(10/(500/98) - 2).
5, 7
Suppose 0 = 9*i + 316 - 433. List the prime factors of i.
13
Let x(q) = 6*q**2 + 42*q - 108. What are the prime factors of x(-20)?
2, 3, 11
Suppose 2*b - 132 = 8*b. Let k = b + 2. Let n = 50 + k. What are the prime factors of n?
2, 3, 5
Let k(x) = 3*x**2 + 10*x - 2. Let v be k(-4). Suppose -v*n = -n - 440. What are the prime factors of n?
2, 11
Let f(k) = -3*k**2 - 20*k + 8. Let n be f(-8). List the prime factors of (-392)/n + 1/(-3).
2
Let y = 257 + -151. Suppose 23*w = 21*w + y. List the prime factors of w.
53
Let u(t) = 31*t + 11. Let q be u(6). Let b = q - 135. What are the prime factors of b?
2, 31
Let g = -57 - -8. Let x be -11 - 22 - (1 - -1). Let m = x - g. What are the prime factors of m?
2, 7
Let d = 8605 + -3219. What are the prime factors of d?
2, 2693
Let v = -3 + 2. Let x be (v/2)/((-12)/96). Suppose -3*b - x*m = -121, 4*m - m - 81 = -2*b. List the prime factors of b.
3, 13
Let r = -10 - -7. Let p be 20*(r + (-26)/(-8)). Suppose -2*l = -4*w + 2 - 6, -5*l - p*w = -55. List the prime factors of l.
2
Let j(q) = 0 + 5 + 2*q + 6*q**2 - 2. List the prime factors of j(2).
31
Suppose -t + 2 = -1. Suppose 5*u = 10, -3*b + 80 = t*u - 10. Suppose 0 = 4*j - 0*r + 2*r - b, -2*j -